 2*b + 13. Calculate the highest common factor of d and 10170.
10
Suppose 2*j + 0 + 11 = -3*m, -2*m - 2*j - 8 = 0. Let a be 5/m - 18003/(-153). What is the highest common factor of a and 29?
29
Let w = 653 - 578. Suppose 3*y - 188 = 337. Calculate the greatest common factor of y and w.
25
Let j(g) = -54*g + 96. Suppose 6*m + 270 = 234. Let q be j(m). Calculate the greatest common factor of q and 120.
60
Let x = -799 - -808. Let b = -135 + 243. What is the greatest common divisor of x and b?
9
Suppose -7*w + 60 = -3*w. Suppose a = -5*q + 270, -5*q + 558 = 2*a - q. Calculate the greatest common factor of a and w.
15
Suppose -183350 = -221*o + 472578. What is the highest common factor of 112 and o?
56
Let f be ((-63)/9)/((-5)/40). What is the highest common factor of 440 and f?
8
Let n(b) = -b**2 - 7*b + 54. Let q be n(0). Let s = q - 21. Calculate the greatest common divisor of 3 and s.
3
Suppose -266 = 4*o + 4*s - 1794, 0 = -4*o + 4*s + 1496. Let h = 163 - 121. What is the highest common factor of h and o?
42
Suppose -y - 2*m + 9 = 0, 4*y - 4*m - 62 = m. Suppose -l - y = 111. Let i = l + 243. What is the highest common divisor of 17 and i?
17
Let r = 8245 - 5977. Calculate the greatest common factor of 28 and r.
28
Suppose -8*y + 160 = 4*p - 9*y, y - 209 = -5*p. Suppose -3*q + p = 5. What is the highest common divisor of q and 6?
6
Let l(w) = -585*w + 53. Let t be l(-3). What is the greatest common divisor of t and 16?
16
Suppose -v + 127 = 3*l + 138, 29 = 5*v + l. What is the greatest common divisor of v and 1897?
7
Let u be ((-8436)/152)/((-2)/4). What is the highest common factor of 21 and u?
3
Let b be (3 + -3)*5/50*5. Let g(l) = l**3 + 2*l**2 - 2*l + 272. Let j be g(b). Calculate the greatest common divisor of j and 204.
68
Let i(d) = 10*d**2 + 12*d - 12. Let f be i(-8). Calculate the highest common divisor of 175 and f.
7
Suppose 14 + 114 = -32*t. Let m be (42/(-14) - (-1 - 9)) + t. What is the highest common factor of m and 81?
3
Suppose 5*w - 4*s + 3*s - 554 = 0, 0 = -4*w - 4*s + 448. Let q be (-14)/(-5) + (-7)/(-35). Calculate the greatest common factor of w and q.
3
Let p be ((-1023 + 1)/(-7))/2. Suppose 5*x + 3*d + 24 = 146, -3*x - 2*d + p = 0. What is the highest common divisor of 125 and x?
25
Let h be 2282*1 + -234*47/(-846). Calculate the highest common divisor of 595 and h.
85
Suppose -3*k - 129 - 204 = 0. Let g be 0 + k - (4 - 3). Let l be ((-6)/7)/(2 + 226/g). What is the highest common factor of 120 and l?
24
Let j(h) be the second derivative of 0 - 9/2*h**2 + 2*h - 1/12*h**4 - 5/2*h**3. Let v be j(-13). What is the highest common factor of v and 51?
17
Let w be 172 - (2 - 2)*(-2)/6. Let i = w + -333. Let g = i - -269. What is the greatest common factor of g and 12?
12
Let g be (7/4 - 1)*108. Let r(d) = 45*d + 36. Let a be r(4). What is the highest common factor of g and a?
27
Let y = 14 + -12. Let w be (-416)/(-12) + (y - 16/6). Let r = -2 + w. What is the greatest common divisor of 160 and r?
32
Suppose 54 = 213*z - 106*z - 106*z. Calculate the highest common factor of z and 513.
27
Let d be 1*(-12)/(-2) + (-8 - (4 + -3286)). What is the greatest common divisor of d and 80?
80
Let y be (-7)/14 - (-130)/4. Let z(k) = -2*k**2 + 15*k - 16. Let l be z(7). Let m be (-8*12/(-8))/(l/(-6)). What is the highest common divisor of y and m?
8
Let l be 1*1/(-3)*(0 + 9). Let g be ((-6)/3)/2 - l. Suppose -h = -g, -o + 12 = o - 2*h. What is the greatest common factor of o and 8?
8
Let x be 3*(-4)/6*2 - -5. Let g be ((-50)/75)/(x/(27/(-2))). What is the highest common factor of g and 711?
9
Let i be 1545/(-4) - (7 + (-174)/24). Let m = 526 + i. Calculate the highest common divisor of 28 and m.
28
Let b be (63/4)/((-3)/(-360)). What is the greatest common factor of 42 and b?
42
Let r = 2641 - 2456. Calculate the greatest common factor of 333 and r.
37
Let u(g) = 9*g. Let p be u(4). Let y = 5184 - 5139. What is the greatest common factor of y and p?
9
Suppose -3*g = 6, -7817 = -3*h + 128*g - 130*g. What is the greatest common divisor of h and 474?
237
Suppose 15*s = 36688 - 35848. What is the greatest common divisor of 584 and s?
8
Let l be ((-40)/90)/(-2) + 16/9. Suppose 3*y + 4*x - 68 = 8*x, l*x = -y + 16. What is the highest common divisor of y and 220?
20
Let f(o) = o**3 + 28*o**2 + 21*o + 22. Let l = 192 + -219. Let y be f(l). Calculate the greatest common factor of y and 138.
46
Let v(x) = -3*x**3 - 8*x**2 - 7*x + 4. Let p be v(-4). Let r(d) = -22*d + 4. Let b be r(2). Let y = b - -64. Calculate the highest common factor of p and y.
24
Let b be -37 + 142 - (14 - 2). What is the greatest common divisor of 93 and b?
93
Let i(q) = -q**3 + 27*q**2 - 3*q - 351. Let n be i(26). Calculate the greatest common divisor of n and 143.
13
Suppose 3*m = -47*x + 43*x + 12206, 5*x - 15254 = -2*m. What is the highest common factor of x and 854?
122
Let m = 234 + -213. Let v be -1 - (-12)/(-12)*(0 - 15). What is the greatest common factor of v and m?
7
Suppose l + 2*p = 109, -3*p = 2*l - 1218 + 994. What is the highest common factor of 2299 and l?
121
Let w(u) = 27*u**2 - 19*u + 48. Let z be w(2). What is the highest common divisor of 9558 and z?
118
Let d = -14058 - -14148. What is the greatest common divisor of 1590 and d?
30
Let k(q) = -64*q - 252. Let a be k(-15). Calculate the highest common factor of 120 and a.
12
Let o be (1 - -3423) + (9/(-36))/(3/12). What is the greatest common divisor of 21 and o?
21
Suppose 3*z - z = -4*s + 108, 2*z = 2*s - 54. Suppose 0 = 3*x - 5*i - 27, -7*x + 11*x + 2*i - 36 = 0. Calculate the greatest common divisor of x and s.
9
Let y = -5 - -16. Let h(f) = 18*f. Let j(b) = b + 3. Let d(g) = h(g) - 9*j(g). Let p be d(y). Calculate the greatest common divisor of p and 8.
8
Suppose 5*g + 270 = 1185. Suppose g = -6*o + 285. What is the highest common divisor of o and 4?
1
Let i = 5612 + -5488. What is the highest common divisor of i and 3007?
31
Let i(q) = 25*q**2 - 3*q - 80. Let u be i(5). Calculate the highest common divisor of 3922 and u.
106
Let c be (22/21)/(272/5712). Calculate the greatest common divisor of 52778 and c.
22
Let w = -10430 + 10431. What is the highest common divisor of 243 and w?
1
Let f = -374 - -370. Let d(z) = -22*z - 66. Let s be d(f). Calculate the greatest common factor of s and 77.
11
Suppose 13*y + 24*y - 29643 - 1141 = 0. What is the highest common divisor of 176 and y?
16
Suppose -5*a + 2*c + 145 = 0, -3*a + 2*a - 5*c = -2. Suppose 0 = 4*l + a + 37. Let w = l - -43. What is the highest common divisor of w and 27?
27
Let l be -94*1*-1*(-27 + 28). Suppose -l = 20*k - 514. Calculate the highest common factor of 189 and k.
21
Suppose -6*f - 1036 = -1384. Calculate the greatest common factor of f and 5017.
29
Let a = -2522 - -2670. Calculate the greatest common factor of 666 and a.
74
Let u be (6 - (8 - -3)) + 635. Let w be 210/4*21/(u/24). Calculate the highest common divisor of w and 294.
42
Let a(g) = -10*g - 10. Let i be a(-8). Let y = 562 - 558. Suppose i = 2*r + y*l, r + l - 30 = 4*l. What is the greatest common divisor of 11 and r?
11
Suppose -4*u - 9*l = -7*l - 22, -4*l - 12 = 0. Suppose 1554 = u*b - 742. Calculate the highest common divisor of b and 41.
41
Let g(r) = -2*r**2 + 110*r - 853. Let q be g(10). Calculate the greatest common factor of q and 1833.
47
Let j be 10/3*48/10. Let b(n) = 12*n + 236. Let r be b(-43). Let q = r + 408. What is the highest common factor of j and q?
16
Let i(h) = -13*h - 16. Suppose 61 = -5*t + 31. Let b be ((-8)/12)/(t/(-27)). Let x be i(b). Calculate the highest common factor of 207 and x.
23
Suppose -1176 = 75*n - 89*n. Suppose 3*f + 0*f = -3*b + 324, -3*b - 2*f = -321. Calculate the highest common divisor of b and n.
21
Let n = 21 - 3. Let o = n + -7. Let g(a) = -a**2 + 9*a - 7. Let i be g(3). What is the greatest common factor of i and o?
11
Let d(z) = 3*z**2 - 4*z + 1. Let f = 41 + -49. Let v be 2/(-4) + 20/f. Let b be d(v). What is the highest common divisor of 20 and b?
20
Let y(x) = -x**2 + 11*x + 117. Let r be y(11). Calculate the highest common divisor of r and 208.
13
Let s be -238*((-9 - 130/(-20)) + 0). What is the highest common divisor of s and 280?
35
Let j = -27232 + 27251. What is the greatest common divisor of 39539 and j?
19
Let g(